p = -5*n - 3*p + 68, -p = 2*n - k. What is the tens digit of n?
1
Let c(i) = 5*i**2 - 8*i + 17. What is the tens digit of c(4)?
6
Let t = 6 - 5. Suppose -2*z = -3*x + t, -x + 3 = 4*z - 16. Suppose 3 = x*h - 6. What is the units digit of h?
3
Let o = 11 - 3. Let j = o + -14. What is the units digit of (9/j)/(-3)*12?
6
Let q = 50 + 2. What is the units digit of q?
2
Suppose 0 = -5*f - 10, -5*y + f - 3*f = -286. What is the tens digit of y?
5
Let a(v) = -40*v**2. Let z be a(-1). Let x = 10 + z. What is the units digit of (-4)/10*(x - 0)?
2
Let t = 494 + -236. What is the units digit of t?
8
Let i(c) = -c + 8. Let k be 4/2 + 1 + 0. Suppose q = 4*b - 9 - k, 5*b - 15 = -3*q. What is the units digit of i(q)?
8
Let m = 60 - 42. What is the tens digit of m?
1
Suppose 0 = 3*s - 20 + 2. Let i(g) = g**3 - 6*g**2 + 3*g - 8. Let p be i(s). Suppose 2*y + 0*y = p. What is the units digit of y?
5
Let u = -5 - -7. Let j be (5/4)/((-2)/(-8)). Suppose s - j*n = -u*s + 49, -33 = -s + 5*n. What is the units digit of s?
8
Suppose 3*q = 3*p, 0 = 5*q - p + 3*p - 14. What is the units digit of q?
2
Let z = 17 + 5. What is the tens digit of (z/4)/(14/28)?
1
Let p be (16/12)/((-4)/(-6)). Suppose p*c - 4 = k - 1, 2*c + 5*k = 33. What is the units digit of (0 - 0) + c - -2?
6
What is the units digit of 4 - (-1)/(3 - 10/3)?
1
Suppose 4*w = -2*l + 122, 3*l = -3*w + 4*w + 218. Suppose -l = -5*a + 54. What is the units digit of a?
5
Suppose 2*z + 4 = -2*z. Let t = 15 - 9. Let s = t - z. What is the units digit of s?
7
Suppose 2*x = -2*s - 4, 4*x + 0*s = 5*s + 10. Suppose x = -4*g - 0*g + 20. Suppose -5*i + g = -30. What is the units digit of i?
7
Let s(t) = t**2 - t - 3. What is the units digit of s(-4)?
7
Let c(t) = t**3 + 3*t**2 - 11*t + 11. What is the units digit of c(4)?
9
Suppose 2*l - 10 = -44. Let t = l - -27. What is the tens digit of t?
1
Let g(j) be the second derivative of -3*j**3/2 - 5*j**2/2 + 7*j. What is the units digit of g(-3)?
2
Suppose -2*u + 4 = 0, 2*l + 0*u + 5*u = 6. What is the units digit of (l/3)/(5/(-30))?
4
Let t(y) be the third derivative of y**6/120 - y**5/30 + y**4/12 + y**3/6 + 4*y**2. Let s be 3*(-1 - 6/(-3)). What is the tens digit of t(s)?
1
Let q = 100 - 36. What is the units digit of q?
4
Suppose -4*t - 5*b = -4 + 14, 0 = 2*t + 5*b. Let u = t - -7. What is the units digit of u?
2
Let q(l) = -l - 1. Let y = -3 - 0. Let m = -7 - y. What is the units digit of q(m)?
3
Let c(x) = -1 + 5 - x - 2*x. Let z be c(-7). Suppose 3*l - 8*l = -z. What is the units digit of l?
5
Let w be (-13 - -5)*(-2)/(-4). Let s = w - -9. What is the units digit of s?
5
Let j(s) = -2*s**3 + 2*s**2 + s. Let c be j(-1). What is the units digit of 4/(-6)*c/(-2)?
1
Suppose 2*z - 4*u - 32 = -2*z, 5*z + 3*u = 8. Suppose 6*g - 5 = 2*m + g, -2*m + z = -2*g. What is the units digit of m?
5
Let i = -77 + 138. What is the units digit of i?
1
Let z = -2 + 31. What is the tens digit of z?
2
Let k = -34 + 59. What is the units digit of k?
5
Suppose 74 = o - 0*o. What is the tens digit of o?
7
Suppose -4 = -n + 5*n. What is the units digit of (-3 + n)/(-4)*1?
1
Suppose 91*g = 89*g + 56. What is the units digit of g?
8
Suppose 5*q - 7*q + 42 = 0. What is the tens digit of q?
2
Let f be (-4)/(-10) + 584/40. Suppose -f = -d - 4. What is the tens digit of d?
1
Suppose -5*c + 4*k = 2*k - 199, -3*k - 162 = -4*c. What is the tens digit of c?
3
Let t(j) = 90*j + 1. Let n be t(-1). Let g = 135 + n. What is the tens digit of g?
4
Suppose u + 1 = 13. Suppose -p = -2*p + u. What is the units digit of p?
2
Let k(q) = -q + 4. Let p be k(3). Let g be (6 + -5)/(p/2). Let v(a) = 2*a**3 - a**2 - 3*a + 3. What is the units digit of v(g)?
9
Let f(d) = 6*d**3 + d**2 - 3*d. Let m be f(-3). Let t be ((-2)/4)/(4/m). What is the units digit of t/3 + 1 + -1?
6
Let m(z) = 3*z - 6. Let w be m(6). Let r be ((-2)/6)/((-2)/w). Suppose 0 = -4*v - 16, 5*g + 0*v + r*v - 92 = 0. What is the units digit of g?
0
Suppose i + 0*i - 9 = 0. Suppose -3*x - 4*p + 1 = -0*x, 2*p + 24 = 2*x. What is the units digit of x/i - 4/(-18)?
1
Let a(l) = -4*l + 7 - l**3 + 0*l - 6*l**2 + 0*l**3. Let g be a(-5). Suppose 3*h = g*h - 3*v + 18, 0 = h - v + 2. What is the units digit of h?
3
Let p be 1/(8/(-10) + 1). Let b(c) = c**2 - 6*c + 1. Let q be b(p). Let x(i) = -3*i + 5. What is the tens digit of x(q)?
1
Suppose 1 = 3*k - 2*k. Let n(f) = -f**3 - 10*f**2 + 11*f - 2. Let c be n(-11). What is the tens digit of 6*((k - c) + 0)?
1
Let w = 48 - 32. What is the tens digit of w?
1
Let h(c) = -25*c - 2. What is the units digit of h(-1)?
3
Suppose 0 = 4*z - 7*z + 6. Let x(c) = c**3 + 0*c**2 + 2*c**2 + z + 2*c**2 + 3*c. What is the units digit of x(-3)?
2
Let u(n) = -1 + 6*n - 3*n + 2*n. Let j be u(-1). What is the units digit of (-32)/(-12)*j/(-4)?
4
Let o be ((-42)/4)/(2/(-4)). Let j = 39 - o. What is the tens digit of j?
1
Let v(x) be the second derivative of x**4/6 + x**3/3 - x**2/2 + 2*x. What is the units digit of v(-2)?
3
Let w(j) = -j - 4. Let l be w(-4). Suppose -5*u + 13 + 22 = l. Suppose 2*d + 35 = u*d. What is the units digit of d?
7
Suppose -8 = 2*x - 0*x. Let a be (-7)/(7/x) - 1. Let i(y) = y**2 + 4*y - 4. What is the units digit of i(a)?
7
Let l = 7 + -7. Suppose l = -4*s + 16. Suppose -3*a = -5*c + a + 44, -c + 4*a = s. What is the units digit of c?
2
Let b be 1/(2/(-4)) - -3. Let x be b/(-1) - 12/(-4). Suppose -6*l - 3*o + 30 = -x*l, o = 3*l - 16. What is the units digit of l?
6
Let f(b) = b**2 - 7*b + 1. Let m be f(7). Suppose 4*q - 2*n = 28, -3*q = 2*q + 2*n - 26. Let y = m + q. What is the units digit of y?
7
Let p(z) = z**2 + 7*z - 9. Let h be p(-7). Let k be (-146)/(-10) + 9/(-15). Let x = k + h. What is the units digit of x?
5
What is the tens digit of 2 + 19 + 14/7?
2
Suppose g = 25 + 135. What is the tens digit of g?
6
Suppose -2*v = -5*o + 56, -5*o + 2*v - 64 = -10*o. What is the tens digit of o?
1
Let j = 26 - 51. Suppose 0 = -8*l + 4*l + 168. Let b = j + l. What is the tens digit of b?
1
Suppose -2*a - 4*s - 20 = 0, -4*a - 20 = s - 8. Suppose 0 = -2*m - 8 - 26. Let p = a - m. What is the tens digit of p?
1
Let t(w) = w**2 + 6*w + 10. Let y = 15 + -20. What is the units digit of t(y)?
5
Suppose 5*v + 2*f = 2*v + 3, -2*v - 3*f = 3. Let w(z) = z**2 + 2*z - 2. Let s be w(-3). What is the tens digit of s/(v/108*3)?
1
Let d(u) = u**3 + 8*u**2 + 10*u + 4. What is the tens digit of d(-4)?
2
Let v(i) = 3*i + 85. What is the tens digit of v(0)?
8
Let i(f) = f**3 - 3*f**2 - 3*f - 3. Let b be i(4). Suppose d - 4*x - 1 = b, 3*d - 6 = x. What is the units digit of 1/d - (-10)/4?
3
Let l be 7/1*1 + -1. Let v(h) = -8*h - h**2 - 5*h - 5 + 3*h - l. What is the units digit of v(-8)?
5
Let o = 53 + 2. What is the units digit of o?
5
Suppose -19 = -2*z + d, 33 - 78 = -5*z + 3*d. What is the tens digit of z?
1
Suppose -5*w = a - 33, 4*a - 13 - 50 = 3*w. Suppose 0*g - 2*g = -3*o - a, -28 = -4*g + 4*o. What is the units digit of g?
3
Suppose x + 175 = 3*p, -181 = -p - 2*p - 2*x. What is the tens digit of p?
5
Let d be 2/(-6) + 7/3. Let z be (9 - 3/3)/d. Suppose u + 3*n = 5, 5*n = -z*u - 0*n + 20. What is the units digit of u?
5
Let s(l) = -139*l + 8. What is the hundreds digit of s(-1)?
1
Let p be 2/6 + 22/6. Suppose -p*l = 2*h - 5*h + 25, 4*l = 5*h - 31. What is the units digit of h?
3
Let j = 12 + -10. Suppose -g = j*g - 93. What is the units digit of g?
1
Let q be (2 - 3)/(1/(-6)). Suppose -q*r + 84 = -72. What is the tens digit of r?
2
Let w be (-6)/(-2 - 8/(-5)). Suppose -3*n = -0 - w. What is the units digit of n?
5
Suppose 27 = 3*p + l, -5*p - l + 52 = 3*l. Let c = -11 + p. Let b = 4 + c. What is the units digit of b?
1
Let l be (-2)/(-6) - 55/(-15). Let b be 5*-1*(-12)/20. Let i = l - b. What is the units digit of i?
1
Let h = -18 - 4. Let p = -16 - h. Suppose -p*g + 3*g = -6. What is the units digit of g?
2
Let v = 127 + -90. What is the tens digit of v?
3
Let t(q) = q**3 + 8*q**2 + 6*q + 8. What is the tens digit of t(-7)?
1
Let j = -3 + -2. Let b(c) = 2*c**2 + 5*c + 3. What is the tens digit of b(j)?
2
Suppose 6*z - z = 3*v + 6, -12 = -4*z. What is the units digit of v?
3
Let x(q) = -q**2 - 5*q - 1. Let s be x(-4). Let p(r) = r**2. Let n be p(s). Let d = 21 - n. What is the tens digit of d?
1
Suppose 2*p - 3*k - 41 = 0, -k + 2*